6?
True
Is 12 a factor of 5832?
True
Does 69 divide 1518?
True
Is 49 a factor of 2499?
True
Is 35 a factor of 1517?
False
Is 2886 a multiple of 7?
False
Does 18 divide 3027?
False
Is 7524 a multiple of 19?
True
Is 15125 a multiple of 9?
False
Does 14 divide 18578?
True
Does 24 divide 1200?
True
Does 8 divide 610?
False
Is 1168 a multiple of 8?
True
Does 20 divide 1940?
True
Is 27 a factor of 54?
True
Is 2 a factor of 369?
False
Is 15 a factor of 720?
True
Is 13 a factor of 286?
True
Does 2 divide 2315?
False
Is 27 a factor of 621?
True
Is 189 a multiple of 7?
True
Is 3 a factor of 18646?
False
Is 57 a factor of 547?
False
Does 2 divide 793?
False
Does 9 divide 4041?
True
Does 12 divide 2312?
False
Does 23 divide 1012?
True
Is 14 a factor of 53?
False
Does 13 divide 871?
True
Is 24 a factor of 55181?
False
Does 39 divide 89493?
False
Is 2574 a multiple of 68?
False
Is 21 a factor of 5985?
True
Is 80157 a multiple of 33?
True
Does 40 divide 4560?
True
Is 4 a factor of 73?
False
Does 31 divide 3410?
True
Does 12 divide 1637?
False
Is 20453 a multiple of 26?
False
Is 43 a factor of 3698?
True
Is 18 a factor of 6642?
True
Does 16 divide 96528?
True
Is 315 a multiple of 57?
False
Does 50 divide 25055?
False
Does 6 divide 468?
True
Is 2070 a multiple of 18?
True
Does 4 divide 444?
True
Does 15 divide 630?
True
Is 15004 a multiple of 207?
False
Does 33 divide 198?
True
Is 2326 a multiple of 18?
False
Is 3471 a multiple of 89?
True
Is 14048 a multiple of 19?
False
Is 173 a factor of 14918?
False
Is 16 a factor of 714?
False
Is 29301 a multiple of 13?
False
Is 8 a factor of 392?
True
Does 19 divide 1721?
False
Is 1632 a multiple of 14?
False
Is 190 a multiple of 5?
True
Is 972 a multiple of 54?
True
Is 1620 a multiple of 54?
True
Is 5 a factor of 8376?
False
Does 28 divide 7896?
True
Is 3600 a multiple of 30?
True
Does 94 divide 7144?
True
Is 18754 a multiple of 215?
False
Does 6 divide 1123?
False
Does 75 divide 9806?
False
Does 10 divide 1870?
True
Is 7844 a multiple of 106?
True
Does 19 divide 607?
False
Does 20 divide 26160?
True
Does 15 divide 15570?
True
Is 12 a factor of 9925?
False
Does 30 divide 14580?
True
Does 12 divide 233?
False
Is 7866 a multiple of 40?
False
Does 7 divide 2590?
True
Is 15 a factor of 446?
False
Is 18 a factor of 753?
False
Does 41 divide 3395?
False
Does 262 divide 79386?
True
Is 119133 a multiple of 93?
True
Is 8190 a multiple of 14?
True
Is 9217 a multiple of 174?
False
Does 11 divide 664?
False
Does 18 divide 806?
False
Is 29 a factor of 5567?
False
Is 8843 a multiple of 81?
False
Is 126 a factor of 21220?
False
Is 67 a factor of 1524?
False
Does 8 divide 304?
True
Does 39 divide 579?
False
Is 24969 a multiple of 29?
True
Is 42 a factor of 9996?
True
Does 9 divide 4419?
True
Does 16 divide 1392?
True
Does 27 divide 1431?
True
Is 17 a factor of 963?
False
Is 3 a factor of 168?
True
Does 7 divide 214?
False
Is 14469 a multiple of 53?
True
Is 68 a factor of 3538?
False
Does 15 divide 10028?
False
Is 1863 a multiple of 3?
True
Does 41 divide 105534?
True
Does 36 divide 1548?
True
Does 27 divide 441?
False
Is 334 a multiple of 4?
False
Is 1029 a multiple of 108?
False
Is 29 a factor of 85602?
False
Is 296 a multiple of 10?
False
Is 12 a factor of 1935?
False
Does 16 divide 17790?
False
Is 4575 a multiple of 61?
True
Is 199 a factor of 11144?
True
Does 20 divide 7500?
True
Is 16134 a multiple of 15?
False
Is 24 a factor of 3408?
True
Does 81 divide 1273?
False
Is 16 a factor of 546?
False
Is 63705 a multiple of 53?
False
Is 11 a factor of 24?
False
Does 12 divide 588?
True
Does 67 divide 33031?
True
Does 46 divide 12834?
True
Does 14 divide 4452?
True
Is 9 a factor of 225?
True
Does 27 divide 135?
True
Is 22523 a multiple of 101?
True
Is 53631 a multiple of 184?
False
Is 119 a factor of 7140?
True
Is 60 a factor of 1140?
True
Does 120 divide 2520?
True
Does 13 divide 3187?
False
Is 6588 a multiple of 122?
True
Is 6789 a multiple of 3?
True
Is 46 a factor of 1319?
False
Is 3 even?
False
Is 144 a multiple of 24?
True
Is 13 a factor of 609?
False
Is 55 a factor of 433?
False
Is 32214 a multiple of 273?
True
Does 13 divide 18065?
False
Is 3 a factor of 728?
False
Is 1644 a multiple of 21?
False
Is 1876 a multiple of 10?
False
Does 5 divide 470?
True
Is 9 a factor of 2925?
True
Is 1817 a multiple of 114?
False
Is 8 a factor of 9479?
False
Does 8 divide 204?
False
Is 45 a factor of 3460?
False
Is 10906 a multiple of 129?
False
Is 27816 a multiple of 122?
True
Is 7 a factor of 280?
True
Is 54318 a multiple of 11?
True
Is 1159 a multiple of 39?
False
Is 3604 a multiple of 17?
True
Is 13090 a multiple of 119?
True
Is 4602 a multiple of 54?
False
Is 122 a multiple of 61?
True
Is 7 a factor of 644?
True
Does 23 divide 851?
True
Is 30 a factor of 2264?
False
Does 10 divide 50?
True
Is 560 a multiple of 43?
False
Is 29 a factor of 435?
True
Is 8028 a multiple of 18?
True
Is 247 a multiple of 13?
True
Is 13 a factor of 3191?
False
Is 1190 a multiple of 34?
True
Does 53 divide 2697?
False
Is 3025 a multiple of 51?
False
Is 429 a multiple of 39?
True
Does 15 divide 7170?
True
Is 1984 a multiple of 3?
False
Does 4 divide 1668?
True
Is 253 a factor of 22011?
True
Does 27 divide 5578?
False
Does 10 divide 2120?
True
Does 47 divide 91386?
False
Is 77 a factor of 231?
True
Is 56 a factor of 334?
False
Is 56 a factor of 11928?
True
Does 6 divide 11108?
False
Does 29 divide 1827?
True
Is 21 a factor of 4074?
True
Does 19 divide 53?
False
Is 2552 a multiple of 58?
True
Is 992 a multiple of 31?
True
Is 7 a factor of 350?
True
Does 2 divide 4015?
False
Does 11 divide 468?
False
Is 34 a factor of 223?
False
Is 65 a factor of 1560?
True
Is 101 a multiple of 5?
False
Is 14 a factor of 4203?
False
Does 54 divide 33750?
True
Is 12288 a multiple of 24?
True
Is 43 a factor of 17160?
False
Is 40 a factor of 2982?
False
Does 12 divide 5424?
True
Is 10 a factor of 3690?
True
Is 9 a factor of 558?
True
Is 90 a multiple of 6?
True
Does 36 divide 566?
False
Does 141 divide 6133?
False
Is 20792 a multiple of 113?
True
Does 23 divide 873?
False
Does 44 divide 104456?
True
Does 6 divide 150?
True
Is 9 a factor of 503?
False
Does 44 divide 1629?
False
Does 28 divide 17092?
False
Is 684 a multiple of 12?
True
Is 7828 a multiple of 103?
True
Does 11 divide 3811?
False
Is 6324 a multiple of 47?
False
Is 15 a factor of 465?
True
Is 4 a factor of 16?
True
Is 50 a factor of 70172?
False
Is 14013 a multiple of 11?
False
Does 15 divide 35439?
False
Is 11 a factor of 22726?
True
Is 4007 a multiple of 103?
False
Does 124 divide 11656?
True
Is 48348 a multiple of 102?
True
Is 13 a factor of 633?
False
Is 12 a factor of 18125?
False
Is 21 a factor of 8946?
True
Does 61 divide 24766?
True
Is 18785 a multiple of 17?
True
Is 8662 a multiple of 122?
True
Does 15 divide 1035?
True
Is 71 a factor of 8378?
True
Is 5 a factor of 247?
False
Is 324 a multiple of 47?
False
Does 20 divide 120?
True
Is 126 a factor of 18918?
False
Is 11 a factor of 31610?
False
Is 2018 a multiple of 62?
False
Does 10 divide 7060?
True
Does 6 divide 102?
True
Does 60 divide 9420?
True
Does 5 divide 138?
False
Is 96 a multiple of 2?
True
Is 650 a multiple of 4?
False
Does 11 divide 12999?
False
Does 11 divide 10791?
True
Is 43904 a multiple of 28?
True
Is 4 a factor of 12?
True
Does 11 divide 2684?
True
Does 48 divide 41931?
False
Is 147 a factor of 6079?
False
Is 33 a factor of 1132?
False
Is 162 a factor of 61074?
True
Is 4 a factor of 434?
False
Is 18 a factor of 288?
True
Does 4 divide 100?
True
Is 710 a multiple of 10?
True
Does 46 divide 6565?
False
Does 4 divide 3013?
False
Is 147 a multiple of 7?
True
Is 19 a factor of 58292?
True
Does 34 divide 5882?
True
Is 1562 a multiple of 71?
True
Is 3645 even?
False
Is 7 a factor of 661?
False
Is 6908 a multiple of 157?
True
Does 24 divide 36768?
True
Is 22 a factor of 868?
False
Is 37 a factor of 1665?
True
Is 5825 a multiple of 33?
False
Does 40 divide 27600?
True
Is 45 a factor of 4983?
False
Is 7109 a multiple of 24?
False
Is 5 a factor of 1546?
False
Is 28379 a multiple of 89?
False
Does 37 divide 2183?
True
Is 28 a factor of 933?
False
Does 81 divide 57964?
False
Is 107 a factor of 2782?
True
Does 163 divide 23038?
False
Does 15 divide 300?
True
Is 27